**2 - 2*i + 41. Give t(29).
-17
Let h(x) = -2*x**2 - 10*x + 17. Determine h(-9).
-55
Let v(n) = 304*n + 3597. Determine v(-12).
-51
Let b(g) = -6*g**2 + 57*g + 355. What is b(-8)?
-485
Let d(j) = j**3 - 16*j**2 + 29*j + 10. Calculate d(13).
-120
Let c(f) = 13*f**2 - 6*f - 11. Calculate c(-3).
124
Let i(d) = -75*d + 1380. What is i(18)?
30
Let k(l) = 2*l + 234. Give k(17).
268
Let j(n) = n**3 + 20*n**2 + 144*n + 1306. Give j(-16).
26
Let x(m) = -m**2 + 96*m - 2007. What is x(31)?
8
Let i(x) = 850*x - 8504. Determine i(10).
-4
Let t(z) = -6*z**2 - 336*z + 7. What is t(-56)?
7
Let b(i) = -i**2 - 5*i + 131. Give b(0).
131
Let r(m) = 578*m - 161844. Determine r(280).
-4
Let g(w) = -w**3 + 7*w**2 + 28. Determine g(7).
28
Let u(i) = 2*i**3 - 6*i**2 - 32*i + 76. What is u(3)?
-20
Let j(x) = -62*x + 1676. What is j(28)?
-60
Let w(x) = 4*x - 169. Determine w(-63).
-421
Let i(p) = 380*p + 3472. Determine i(-9).
52
Let u(z) = z**3 + 42*z**2 + 386*z + 114. What is u(-13)?
-3
Let u(n) = n**3 + 47*n**2 - 205*n - 64. What is u(-51)?
-13
Let n(x) = -9*x - 112. Calculate n(0).
-112
Let n(j) = -j**2 - 19*j + 9. Calculate n(-19).
9
Let p(u) = 41*u**2 - 1393*u - 30. Give p(34).
4
Let g(y) = y**2 - 26*y - 241. Determine g(37).
166
Let g(h) = -h**2 - 56*h + 897. Determine g(13).
0
Let a(z) = -z**2 + 11044*z - 22083. Calculate a(2).
1
Let x(o) = -5*o**3 - 5*o**2 - 42. Determine x(-6).
858
Let a(x) = x**2 - 128*x + 3237. Give a(94).
41
Let n(x) = -2*x**3 + 194*x**2 + 199*x - 279. What is n(98)?
15
Let q(p) = 4*p**2 + p - 46. Calculate q(-8).
202
Let z(m) = 40*m + 33. Calculate z(-7).
-247
Let k(b) = 24*b + 400. What is k(-16)?
16
Let h(a) = -a**3 - 14*a**2 - 37*a - 19. What is h(-10)?
-49
Let g(q) = -q**2 - 1395*q + 2792. What is g(2)?
-2
Let x(u) = -u**3 + 7*u**2 - 2*u + 55. Determine x(0).
55
Let h(m) = -16*m**3 - 13*m**2 - 9*m + 3. Calculate h(-1).
15
Let q(w) = -3*w**3 - 16*w**2 - 14*w - 31. Calculate q(-5).
14
Let a(y) = 165*y + 135. Give a(3).
630
Let t(c) = 249*c - 6957. Give t(28).
15
Let b(u) = u**3 - u**2 - 13*u + 180. Give b(-6).
6
Let j(g) = 209*g - 50. What is j(0)?
-50
Let b(u) = -119*u - 605. Determine b(-5).
-10
Let g(k) = k**3 - 18*k**2 - 36*k - 69. Give g(20).
11
Let a(l) = 8*l**2 + 123*l + 30. Determine a(-15).
-15
Let z(s) = -2*s**3 + 6*s**2 - 322*s + 1335. What is z(4)?
15
Let p(x) = 1202*x - 9538. Give p(8).
78
Let d(t) = -t**2 + 26*t + 78. What is d(30)?
-42
Let f(o) = 18*o - 31. What is f(7)?
95
Let d(b) = 63*b**2 + 385*b + 26. Calculate d(-6).
-16
Let b(m) = -9196*m - 73572. Calculate b(-8).
-4
Let p(t) = -29*t + 257. Calculate p(9).
-4
Let j(o) = -5*o + 309. Calculate j(61).
4
Let n(j) = -2*j**2 - 101*j + 650. What is n(-58)?
-220
Let g(u) = -u**3 - 38*u**2 + 122*u - 53. What is g(-41)?
-12
Let k(s) = -s**3 + 38*s**2 + 151*s - 1142. What is k(41)?
6
Let v(n) = 11*n**2 - 38*n + 12. What is v(5)?
97
Let d(f) = -f**3 - 31*f**2 - 81*f - 1497. Determine d(-30).
33
Let b(o) = 54*o - 3983. Calculate b(74).
13
Let x(i) = -i**3 - 62*i**2 - 10*i - 631. What is x(-62)?
-11
Let y(c) = -26*c + 48. Give y(8).
-160
Let i(b) = -97*b + 1. Give i(0).
1
Let v(u) = 114*u - 147. What is v(2)?
81
Let l(h) = 3*h**2 - 85*h + 583. Calculate l(17).
5
Let j(z) = 950*z - 1910. Give j(2).
-10
Let z(m) = 2*m**2 + 18*m - 382. Give z(10).
-2
Let x(l) = -206*l + 49439. Calculate x(240).
-1
Let k(w) = -w**3 - 2*w**2 - 37*w - 80. Determine k(-2).
-6
Let j(m) = 1326*m - 14588. What is j(11)?
-2
Let t(z) = -1832*z - 14674. Give t(-8).
-18
Let u(p) = p**2 + 21*p + 35. What is u(-15)?
-55
Let q(m) = -m**2 - 527*m - 8195. Calculate q(-16).
-19
Let y(a) = 3*a**3 + 38*a**2 - 14*a - 16. Determine y(-13).
-3
Let n(c) = -c**3 - 26*c**2 - 117*c + 19. Give n(-20).
-41
Let q(f) = -f**2 + 89*f + 19. Calculate q(0).
19
Let l(s) = 166*s + 341. What is l(-2)?
9
Let i(q) = q**2 + 850*q + 4222. Determine i(-5).
-3
Let p(j) = -2*j**3 - 44*j**2 + 62*j + 189. Calculate p(-23).
-179
Let h(d) = -2*d**3 + 42*d**2 + 48*d - 88. Calculate h(22).
0
Let i(f) = -f**3 + 6*f**2 + 462*f - 2771. Determine i(6).
1
Let n(a) = a**3 - 20*a**2 + 32*a + 6. What is n(2)?
-2
Let d(q) = -q**3 + 33*q**2 + 481*q + 142. Calculate d(44).
10
Let d(w) = 2*w**3 - 30*w**2 - 8*w + 98. What is d(14)?
-406
Let o(l) = -l**2 - 99*l - 115. Calculate o(0).
-115
Let o(g) = -93*g - 28. Calculate o(3).
-307
Let x(h) = 3*h**2 + 25*h - 294. Determine x(-15).
6
Let o(g) = -g**3 + 59*g**2 - 12*g + 711. Determine o(59).
3
Let u(h) = -41*h - 278. Calculate u(-8).
50
Let u(t) = 19*t**2 - 568*t - 61. Determine u(30).
-1
Let d(m) = 92*m - 563. Determine d(6).
-11
Let l(d) = d**3 + 48*d**2 + 348*d - 136. Calculate l(-39).
-19
Let z(l) = 66*l**3 + 469*l**2 + 27*l - 141. What is z(-7)?
13
Let c(n) = 20194*n + 20190. Calculate c(-1).
-4
Let v(y) = y**2 - 48*y - 49. Give v(37).
-456
Let r(f) = f**3 - 17*f**2 - 39*f + 642. Give r(17).
-21
Let q(k) = -13*k - 152. What is q(10)?
-282
Let m(z) = 4*z**2 - 277*z + 36. Give m(65).
-1069
Let i(z) = -92*z - 163. Give i(-2).
21
Let r(n) = 3*n**2 - 211*n + 61. Calculate r(68).
-415
Let d(j) = -j**3 + 168*j**2 - 394*j + 10285. Determine d(166).
-7
Let c(r) = -r**3 + 51*r**2 - 36*r - 7118. Give c(47).
26
Let b(d) = 5*d**2 + 5*d - 56. Give b(-13).
724
Let m(j) = 2*j**3 - 13*j**2 - 23*j + 164. What is m(6)?
-10
Let g(u) = 9*u**2 - 386*u - 10. Give g(43).
33
Let p(v) = 1665*v - 11658. Calculate p(7).
-3
Let x(r) = -r**2 + 52*r + 158. Calculate x(-3).
-7
Let d(a) = -4*a**2 - 21*a + 17. What is d(-6)?
-1
Let t(j) = 7*j**2 + 422*j + 1288. Give t(-3).
85
Let k(v) = -v**3 - 11*v**2 + 64*v + 694. What is k(-11)?
-10
Let x(o) = -71*o - 12009. Calculate x(-169).
-10
Let b(w) = -75*w - 682. What is b(-10)?
68
Let o(l) = -4*l**2 + 9*l - 15. Calculate o(-5).
-160
Let m(h) = -25*h + 562. Give m(23).
-13
Let p(c) = -506*c + 35933. Determine p(71).
7
Let n(z) = -z**3 + 44*z**2 + 55*z - 21. Give n(45).
429
Let m(b) = b**2 + 42*b - 1322. Give m(21).
1
Let a(h) = h**3 + 15*h**2 + 45*h + 11. What is a(-5)?
36
Let g(n) = -226*n - 28482. Calculate g(-126).
-6
Let k(z) = -17*z**3 + 255*z**2 + 3*z - 67. Calculate k(15).
-22
Let i(v) = 71*v - 129. What is i(2)?
13
Let c(x) = -44*x**3 + 28*x - 29. Determine c(1).
-45
Let o(v) = 4*v**2 - 64*v + 274. Calculate o(26).
1314
Let b(g) = 18*g**3 - 8*g**2 - 3*g + 3. What is b(2)?
109
Let y(j) = j**2 - 56*j + 129. Give y(68).
945
Let k(s) = -5*s**2 + 886*s - 6955. Determine k(169).
-26
Let j(y) = -2*y**3 + 18*y**2 - 36*y + 14. Calculate j(6).
14
Let f(w) = 3*w**2 - 59*w - 31. Determine f(20).
-11
Let c(y) = -20*y + 116. Give c(8).
-44
Let c(i) = 913*i - 1757. Give c(2).
69
Let c(y) = y**3 - 35*y**2 + 69*y + 11. Determine c(33).
110
Let i(r) = -r**2 - 56*r - 755. Give i(-21).
-20
Let a(y) = 5*y**2 - 93*y + 138. Calculate a(17).
2
Let q(m) = 4*m - 11. Calculate q(-3).
-23
Let a(h) = -1296*h + 3876. Determine a(3).
-12
Let r(c) = 15*c**2 + 8*c + 35. What is r(-5)?
370
Let f(x) = 16*x + 251. Give f(-28).
-197
Let z(a) = -a**3 + 3*a**2 + 14*a + 101. Give z(0).
101
Let f(d) = -d**3 - 69*d**2 - 50. Calculate f(-69).
-50
Let n(u) = -16*u**2 + 413*u - 23. What is n(26)?
-101
Let f(o) = o**3 - 146*o**2 - 1899*o - 43. Calculate f(-12).
-7
Let v(f) = f**2 + 10*f + 156. Give v(-17).
275
Let z(f) = -5*f**2 + 207*f - 80. Calculate z(41).
2
Let l(n) = 25*n + 66. Determine l(-13).
-259
Let q(z) = 12*z - 38. Determine q(5).
22
Let i(c) = 10*c**2 - 90*c - 15. Calculate i(9).
-15
Let p(o) = -10*o**2 - o + 5. Determine p(-4).
-151
Let p(j) = j**3 - j**2 - 4192*j + 5. Calculate p(0).
5
Let o(b) = -b**2 + 32*b - 222. Calculate o(0).
-222
Let m(q) = 28*q + 107. Calculate m(1).
135
Let h(z) = -11*z**3 - 5*z**2 - 71*z + 150. Calculate h(2).
-100
Let w(c) = -c**3 + 67*c**2 + 142*c - 269. Determine w(69).
7
Let p(q) = -q**3 - 13*q**2 + 11*q - 67. What is p(-15)?
218
Let m(n) = n**3 + 26*n**2 - 141*n - 629. Give m(-30).
1
Let k(r) = -5*r**2 + 80*r - 18. Determine k(8).
302
Let p(n) = 2*n**2 - 22*n + 38. Determine p(9).
2
Let n(z) = -z**3 + 70*z**2 - 7*z - 309. Calculate n(70).
-799
Let b(j) = -4345*j + 56475. Determine b(13).
-10
Let y(s) = 4*s**2 + 17*s + 23. What is y(-4)?
19
Let o(k) = 85*k + 735. Calculate o(-9).
-30
Let s(f) = f**3 - 205*f**2 + 9576*f + 8. Calculate s(133).
8
Let a(g) = 9*g**2 + 14*g + 5. Give a(6).
4